 z(j).
3
Let u(r) = 2*r**3 + r**2 - r + 1. Suppose 0 = 5*y, -3*k + 4 = -5*k + y. Give u(k).
-9
Let n(j) be the third derivative of j**4/24 + 2*j**3 + 2*j**2 + 17*j. What is n(-6)?
6
Let u(w) = -43*w + 7 - 3 + 46*w. Calculate u(-3).
-5
Let m(d) = -d**2 - d + 1. Let q be m(-2). Let j(g) = -g**2 + g. Calculate j(q).
-2
Let b(o) = 4*o**2 + 5*o**3 - 4*o**3 - 11 - 2*o + 9. Calculate b(-4).
6
Suppose 3*b + 5 = -2*f, -3*f = 1 + 2. Let a(h) be the second derivative of 0 - 5/6*h**3 + 0*h**2 - h. Give a(b).
5
Let w = 11 + -4. Let q = -3 + w. Let x(f) = f**3 - 5*f**2 + 3*f - 4. Determine x(q).
-8
Let i = 816 + -48959/60. Let z(m) be the third derivative of 0 + 0*m + m**2 + 1/6*m**3 + i*m**5 - 1/12*m**4. Give z(3).
4
Suppose -26 = -5*d - 4*x, 2*d + 3*x - 10 = 6. Let n(c) = -7*c + 1. Calculate n(d).
-13
Let u(c) = -c**3 + c**2. Let d(y) = -3*y**3 + 4*y**2 - y + 2. Let f(n) = -d(n) + 4*u(n). Give f(0).
-2
Let m(j) = j**3 + 2*j**2 - 5*j + 3. Suppose 5*a = 267 - 287. Determine m(a).
-9
Let p(t) = -t**2 + t + 1. Let y(d) = -4*d**2 - 5*d**2 + 17*d - 4*d + 6 + 4*d**2. Let z(o) = -6*p(o) + y(o). What is z(-6)?
-6
Let l(y) be the second derivative of y**4/12 + y**3 - 3*y**2/2 - 26*y. Let b be (-2)/(-3) + 17/(-3). Determine l(b).
-8
Let y(j) be the first derivative of 2/3*j**3 + 3 + 0*j + j**2. Give y(-2).
4
Suppose -2*k + 5*i = -k + 24, -4*k - 1 = -i. Let p(h) = -k - 2*h + h - h. Suppose 4*z - 3 = 5*z. What is p(z)?
5
Let y = 33 + -31. Let j(b) = b**2 + b. Determine j(y).
6
Let p(a) = a**2 + 7*a + 1. Let h = 165 + -171. Determine p(h).
-5
Let t(w) = -w**2 + w. Let d(j) = -2*j**2 - 5*j + 1. Let b(n) = d(n) - t(n). Suppose -2*l = -3*k + l - 9, -2*k - 4*l = 18. Determine b(k).
6
Let v(z) = 15*z**3 + 5*z + 4. Let t(x) = 16*x**3 + 6*x + 5. Let h(p) = -5*t(p) + 6*v(p). Calculate h(-1).
-11
Suppose 0*g + 10 = 2*g. Suppose 0*i + 4*i = -3*y + 5, -15 = -i + 2*y. Let u = g - i. Let w(j) = -j**3 + j**2 - 6. Calculate w(u).
-6
Let g be (-5)/3*306/(-170). Let w(z) be the first derivative of z**2/2 + 2*z + 1. What is w(g)?
5
Let w = 29 + -20. Let g(k) = -w + 8*k - 5*k + 11. Determine g(-3).
-7
Let m(v) = 2*v - 1. Suppose 0 = 2*a + 4. Let h = -4 - a. Give m(h).
-5
Let i(x) be the first derivative of -x**2/2 - 2*x - 1. What is i(6)?
-8
Let s = -6 + 10. Let t(c) = 6*c + s + c**2 - c - 2*c. Give t(-3).
4
Let y(r) = 6*r - 1. Let a be y(1). Suppose a*j + 3 = -2. Let x(c) = 7*c - 1. What is x(j)?
-8
Let z = 5 - 1. Let d(y) = 5*y - 2*y - z*y + 5. Calculate d(0).
5
Let i(n) = n**2 - 5*n - 5. Let y(d) = -d**2 + 4*d + 4. Let u(w) = -2*i(w) - 3*y(w). What is u(-2)?
6
Let w(n) = 11*n**3 + 6*n**2 + 10*n - 2. Let r(m) = 5*m**3 + 3*m**2 + 5*m - 1. Let h(c) = 13*r(c) - 6*w(c). Calculate h(4).
3
Let q(b) = -2*b**2 - 6 + b + 3 - 4*b + 2. Suppose 12 + 3 = -5*r. What is q(r)?
-10
Suppose 15 = 5*g - 3*f, 20 = 2*g - 5*f - 5. Let t(y) = -y**3 + y - 1. Determine t(g).
-1
Let z(p) = -29 + 13 + 16 - 11*p. Calculate z(-1).
11
Let s(l) = -3*l + 13. Let d be s(5). Let v(x) = 7*x. Let c(h) = 3*h. Let n(f) = 5*c(f) - 2*v(f). What is n(d)?
-2
Let j(n) be the first derivative of n**2/2 - 2*n - 2. Determine j(-4).
-6
Let g(m) = -31*m - 1 + 4 + 4 + 29*m. Let j be 8 + (1 - 2)*2. Give g(j).
-5
Let h(g) = -g + 1. Let v(y) = y**2 + 6*y - 2. Let c(x) = -3*h(x) - v(x). Let a be c(-4). Let o(f) = -f**3 - 5*f**2 + f + 5. Calculate o(a).
0
Let w(q) = 5*q + 7. Let l(x) = -14*x - 20. Let n(o) = 6*l(o) + 17*w(o). Let r(j) = -2*j - 1. Let h be r(2). Calculate n(h).
-6
Let n(p) be the third derivative of 0*p**3 - 1/60*p**5 + p**2 + 0 - 5/24*p**4 + 0*p. Calculate n(-5).
0
Let g(z) = -z + 2. Let x(i) = 2*i + 24. Let r be x(-10). Give g(r).
-2
Let z(y) = y + 6. Let s(u) = u + 6. Let m(q) = 3*s(q) - 2*z(q). Let x be m(-5). Let i be (x/2)/(3/6). Let t(p) = -7*p**3 - p**2 + 1. Calculate t(i).
-7
Let y(n) = n**3 - 15*n**2 + 15*n - 13. Let w be y(14). Let d(m) be the second derivative of -m**5/2 + m**4/6 - m**3/6 - 3*m. Determine d(w).
-9
Let g(v) be the third derivative of v**4/24 - 4*v**3/3 - 2*v**2. Suppose -s + m + 3 = 0, -s - m - 3*m + 18 = 0. Calculate g(s).
-2
Let c(l) = -1 - l - l**3 - 6*l**2 + 4*l + 3*l. Determine c(-7).
6
Suppose -5*y = -a - 16, 4*a + a + 17 = 4*y. Let v(o) = o - 2 + o**3 - 3*o + y*o + 3*o**2. What is v(-3)?
-5
Let q(i) = 2 + 17*i**2 - 11*i**2 - 7*i**2 + i. Give q(3).
-4
Let i = -8 + 10. Let d(j) = 1 + i*j - 4*j + 3*j - 2. Give d(-5).
-6
Let r = 0 - 0. Let j(a) = a + r + a - 7 - 3*a. Determine j(-5).
-2
Suppose 0 = -2*b - 2*z - 4, -3*b = -5*z - 6 - 20. Let g be 5*b - (-6 - -9). Let h(t) = t**2 - 8*t + 5. Determine h(g).
-2
Suppose 6*y = y - 5. Let g(q) = 11*q - 1. Determine g(y).
-12
Let n(d) = -d**3 + 3*d**2 + 3*d + 3. Suppose 12 = 2*f + 4*m, -2*f - m - 2 = -23. Suppose 2*k = f - 4. What is n(k)?
-1
Let u(j) be the second derivative of -j**4/12 + 3*j**2/2 - j. Let r be u(0). Let z(y) be the first derivative of -y**2 - 34. Calculate z(r).
-6
Let d(z) = -z + 1. Let j(g) = 12*g. Let u(o) = d(o) + j(o). Calculate u(1).
12
Let j(t) = -t**2 - 6*t - 9. Let b be j(-4). Let r(v) = v - 1. Determine r(b).
-2
Let m(q) = -4*q**2 + 4*q - 2. Suppose u = 4*l - 2*u - 25, 1 = u. Let c = 12 - l. Suppose -3*p + 8 = 2*o, c*o = 1 + 4. What is m(p)?
-10
Let x = 7 - 1. Let h(d) = 2*d - 5. Calculate h(x).
7
Let d(x) = x**3 + 1 + 2*x**2 - 2 + 2*x**2 - 5*x. Calculate d(-5).
-1
Suppose -3*u - 11 = -r - 7*u, -2*u - 11 = -5*r. Let w(p) = -1 + p**2 - 3*p - 3*p**r + 5*p + 2*p**3. Give w(2).
-1
Let k(h) = -h**2 - 9*h - 8. Let g be k(-8). Suppose u + 8 = -4*u - 2*r, 3*r + 12 = g. Suppose 3*m + m = u. Let a(x) = -x**2 + x. What is a(m)?
0
Let v(q) = -q**3 - q**2 - q + 4. Let z be (0/3 - 3) + 3. Calculate v(z).
4
Let b(j) = j + 1. Suppose 0 = -k + 2*k + 5. Let p(a) = 2*a**3 + 11*a**2 - 4*a + 13. Let h be p(-6). Let r be h/((-11)/k - 2). Calculate b(r).
6
Let b(p) = -p**3 + 5*p**2 - 2*p - 2. Suppose 18*l = 17*l + 4. Calculate b(l).
6
Let y(g) = -g**2 - 6*g. Let t(q) = -35*q**2 - 2*q - 2. Let j be t(-1). Let u = 29 + j. Give y(u).
0
Let w(x) = x**2 - 2*x + 1. Suppose -5*g = -k + 27, 4*k + 0*g = -4*g - 12. Calculate w(k).
1
Let m(l) = 5*l + 5. Let y(v) = -2*v - 2. Let r(c) = 3*m(c) + 8*y(c). Suppose -16*u + 6 = -15*u. Determine r(u).
-7
Let u(i) = -1143*i**2 - 7*i - 7 + 1142*i**2 - 1. Suppose -5*f = -0*f + 30. What is u(f)?
-2
Let i(c) be the third derivative of -c**6/120 - c**5/15 + c**4/8 - c**3/2 + 11*c**2. Calculate i(-5).
7
Suppose -2*u = u. Suppose u = -4*v + 1 + 7. Let i(t) = -6*t + 6*t + t**v. Determine i(-3).
9
Let v(c) be the third derivative of c**4/12 + 5*c**3/6 + 13*c**2. Give v(6).
17
Suppose v + 0 = -3*l - 1, 2*v - 7 = 3*l. Let z(o) = -o**2 - v*o - 4*o + 2*o**2 + 4. Let k be (-5)/(-1)*1 - 0. Calculate z(k).
-1
Let t = -51 + 54. Let c(l) = -l**3 + 5*l - 3. Give c(t).
-15
Let f(h) be the second derivative of -2*h**3/3 - h**2/2 + h. Suppose 0*u + 3*p = -u + 5, -5*p + 10 = 0. Let a = 0 - u. Calculate f(a).
-5
Suppose 2*d + 15 = 5. Let t = d + 5. Let c(m) = 0*m + m - 3 - 1. Determine c(t).
-4
Let r(y) = -2*y - 21. Let z be r(-13). Suppose 4*a - 20 = o - z*o, -4*o = 2*a - 16. Let d(j) = j**3 - 3*j**2 + 3*j - 2. Determine d(o).
7
Let d be (-52)/16 - (-2)/8. Let y(a) = a**2 + 2*a + 3. Let r(k) = 2*k**2 + 4*k + 6. Let o(p) = d*r(p) + 5*y(p). Determine o(-3).
-6
Let u(n) = -2*n**2 + 3*n - 1. Let a be u(2). Let t(j) = -2*j - 3. Let q be t(a). Suppose -q*o = 2*o + 15. Let g(m) = m + 3. Determine g(o).
0
Let r(w) = w**2. Let a be (-14)/4*(-12)/21. Let z be 0 - (1 + a + -5). Let p = z + -4. What is r(p)?
4
Suppose 5 = 4*i + 9. Let b(p) = -3*p**2 + p + 1. What is b(i)?
-3
Let y(s) = s**3 - 2*s + 3. Suppose r = -3*r + 8. Determine y(r).
7
Let u(w) = -3*w**3 + 3*w**2 - 5*w + 3. Let j(c) = -c**3 + 1. Let o(h) = -4*j(h) + u(h). Give o(-4).
3
Let o(j) = -j**2 + j - 8. Let s be o(0). Let f(a) = -a**2 - 7*a + 11. Determine f(s).
3
Let u(k) = k**3 + 3*k**2 - 5*k - 3. Let h be u(-4). Let c(d) = -5*d**3 - d**2 + 1. Calculate c(h).
-5
Let a(k) be the first derivative of -k**6/360 + k**5/40 + k**4/24 - 4*k**3/3 + 1. Let b(h) be the third derivative of a(h). Calculate b(5).
-9
Let l(n) be the first derivative of 4*n**3/3 - 5*n**2/2 + 2*n - 4. What is l(3)?
23
Let f(k) = -2*k + 8. Let o(h) = h**3 + 2*h**2 - 7*h + 5. Let v be o(2). Determine f(v).
-6
Let j(